igit of 3544?
4
What is the tens digit of 19786?
8
What is the thousands digit of 2832?
2
What is the units digit of 567?
7
What is the tens digit of 2907?
0
What is the thousands digit of 13733?
3
What is the hundreds digit of 27841?
8
What is the tens digit of 15370?
7
What is the hundreds digit of 833?
8
What is the hundreds digit of 1832?
8
What is the thousands digit of 40337?
0
What is the thousands digit of 65710?
5
What is the tens digit of 1667?
6
What is the ten thousands digit of 13318?
1
What is the tens digit of 2607?
0
What is the tens digit of 682?
8
What is the hundreds digit of 1429?
4
What is the hundreds digit of 853?
8
What is the tens digit of 21449?
4
What is the hundreds digit of 862?
8
What is the hundreds digit of 971?
9
What is the ten thousands digit of 27673?
2
What is the thousands digit of 8401?
8
What is the tens digit of 1760?
6
What is the units digit of 9086?
6
What is the units digit of 42066?
6
What is the units digit of 1760?
0
What is the ten thousands digit of 57542?
5
What is the tens digit of 3888?
8
What is the units digit of 9341?
1
What is the units digit of 389?
9
What is the hundreds digit of 7049?
0
What is the tens digit of 335?
3
What is the hundreds digit of 466?
4
What is the units digit of 1616?
6
What is the tens digit of 490?
9
What is the units digit of 9563?
3
What is the thousands digit of 36410?
6
What is the hundreds digit of 1378?
3
What is the tens digit of 1835?
3
What is the units digit of 19284?
4
What is the units digit of 42177?
7
What is the hundreds digit of 735?
7
What is the tens digit of 22718?
1
What is the hundreds digit of 17701?
7
What is the tens digit of 39228?
2
What is the units digit of 1907?
7
What is the units digit of 5451?
1
What is the units digit of 1489?
9
What is the hundreds digit of 52578?
5
What is the tens digit of 1544?
4
What is the hundreds digit of 20169?
1
What is the tens digit of 15774?
7
What is the hundreds digit of 1500?
5
What is the ten thousands digit of 16088?
1
What is the hundreds digit of 14988?
9
What is the tens digit of 102948?
4
What is the units digit of 97614?
4
What is the hundreds digit of 1977?
9
What is the thousands digit of 1421?
1
What is the units digit of 269?
9
What is the ten thousands digit of 28019?
2
What is the hundreds digit of 853?
8
What is the hundreds digit of 3321?
3
What is the tens digit of 20711?
1
What is the units digit of 7965?
5
What is the tens digit of 3552?
5
What is the hundreds digit of 2898?
8
What is the tens digit of 64?
6
What is the tens digit of 1135?
3
What is the thousands digit of 7370?
7
What is the tens digit of 14018?
1
What is the thousands digit of 8037?
8
What is the units digit of 633?
3
What is the units digit of 1211?
1
What is the units digit of 2547?
7
What is the hundreds digit of 2866?
8
What is the thousands digit of 2358?
2
What is the units digit of 31707?
7
What is the ten thousands digit of 55025?
5
What is the hundreds digit of 2160?
1
What is the thousands digit of 193604?
3
What is the hundreds digit of 1135?
1
What is the units digit of 747?
7
What is the tens digit of 465?
6
What is the hundreds digit of 1094?
0
What is the hundreds digit of 506?
5
What is the tens digit of 1807?
0
What is the thousands digit of 50738?
0
What is the thousands digit of 11474?
1
What is the units digit of 842?
2
What is the units digit of 936?
6
What is the thousands digit of 47457?
7
What is the thousands digit of 6539?
6
What is the thousands digit of 2904?
2
What is the units digit of 9823?
3
What is the thousands digit of 110994?
0
What is the tens digit of 72930?
3
What is the tens digit of 55034?
3
What is the tens digit of 1215?
1
What is the units digit of 20281?
1
What is the thousands digit of 64327?
4
What is the units digit of 5356?
6
What is the thousands digit of 42302?
2
What is the tens digit of 3697?
9
What is the tens digit of 500?
0
What is the ten thousands digit of 99595?
9
What is the units digit of 6894?
4
What is the tens digit of 635?
3
What is the hundred thousands digit of 141645?
1
What is the hundreds digit of 779?
7
What is the hundreds digit of 28351?
3
What is the hundreds digit of 4463?
4
What is the thousands digit of 2384?
2
What is the units digit of 28?
8
What is the tens digit of 3533?
3
What is the hundreds digit of 8569?
5
What is the hundreds digit of 13622?
6
What is the tens digit of 4047?
4
What is the thousands digit of 4946?
4
What is the tens digit of 549?
4
What is the hundreds digit of 88887?
8
What is the thousands digit of 2812?
2
What is the tens digit of 19579?
7
What is the units digit of 33056?
6
What is the units digit of 372?
2
What is the tens digit of 1423?
2
What is the units digit of 156?
6
What is the thousands digit of 30590?
0
What is the tens digit of 1506?
0
What is the tens digit of 2214?
1
What is the tens digit of 1868?
6
What is the tens digit of 2627?
2
What is the thousands digit of 1979?
1
What is the tens digit of 56442?
4
What is the units digit of 283?
3
What is the tens digit of 1104?
0
What is the tens digit of 360?
6
What is the hundreds digit of 5466?
4
What is the units digit of 12153?
3
What is the thousands digit of 37411?
7
What is the units digit of 878?
8
What is the units digit of 9773?
3
What is the units digit of 2031?
1
What is the thousands digit of 2373?
2
What is the hundreds digit of 101841?
8
What is the hundreds digit of 22126?
1
What is the units digit of 2735?
5
What is the ten thousands digit of 28239?
2
What is the hundreds digit of 40081?
0
What is the tens digit of 4388?
8
What is the units digit of 955?
5
What is the tens digit of 458?
5
What is the units digit of 3069?
9
What is the hundreds digit of 44981?
9
What is the tens digit of 5549?
4
What is the units digit of 2452?
2
What is the units digit of 1665?
5
What is the tens digit of 3248?
4
What is the thousands digit of 57080?
7
What is the units digit of 153843?
3
What is the tens digit of 1059?
5
What is the thousands digit of 1329?
1
What is the hundreds digit of 3196?
1
What is the thousands digit of 2871?
2
What is the units digit of 43069?
9
What is the units digit of 26646?
6
What is the units digit of 814?
4
What is the tens digit of 29862?
6
What is the hundreds digit of 106?
1
What is the units digit of 2859?
9
What is the hundreds digit of 715?
7
What is the hundreds digit of 2034?
0
What is the tens digit of 1870?
7
What is the tens digit of 112561?
6
What is the ten thousands digit of 21853?
2
What is the hundreds digit of 4073?
0
What is the tens digit of 14747?
4
What is the thousands digit of 7138?
7
What is the units digit of 3374?
4
What is the tens digit of 105?
0
What is the tens digit of 3419?
1
What is the units digit of 14043?
3
What is the ten thousands digit of 39013?
3
What is the tens digit of 2663?
6
What is the ten thousands digit of 16739?
1
What is the thousands digit of 10866?
0
What is the units digit of 1490?
0
What is the thousands digit of 1436?
1
What is the units digit of 17326?
6
What is the hundreds digit of 34416?
4
What is the hundreds digit of 7946?
9
What is the tens digit of 3492?
9
What is the thousands digit of 7397?
7
What is the units digit of 820?
0
What is the thousands digit of 3998?
3
What is the units digit of 2479?
9
What is the ten thousands digit of 69856?
6
What is the units digit of 14206?
6
What is the thousands digit of 16235?
6
What is the units digit of 51706?
6
What is the hundreds digit of 44705?
7
What is the thousands digit of 57007?
7
What is the tens digit of 80863?
6
What is the units digit of 4132?
2
What is the tens digit of 2994?
9
What is the tens digit of 9901?
0
What is the tens digit of 51156?
5
What is the thousands digit of 13399?
3
What is the hundreds digit of 3113?
1
What is the hundreds digit of 1693?
6
What is the hundreds digit of 15665?
6
What is the thousands digit of 1547?
1
What is the units digit of 89?
9
What is the units digit of 48617?
7
What is the hundreds digit of 459?
4
What is the units digit of 32293?
3
What is the units digit of 1646?
6
What is the tens digit of 46109?
0
What is the units digit of 255?
5
What is the thousands digit of 11662?
1
What is the hundreds digit of 1684?
6
What is the units digit of 836?
6
What is the